{"id":108,"date":"2015-12-24T02:05:53","date_gmt":"2015-12-24T01:05:53","guid":{"rendered":"http:\/\/rulez.lansin.de\/?page_id=108"},"modified":"2018-05-24T12:18:02","modified_gmt":"2018-05-24T10:18:02","slug":"allgemeine-geschaeftsbedingungen","status":"publish","type":"page","link":"https:\/\/www.lansin.de\/index.php\/allgemeine-geschaeftsbedingungen\/","title":{"rendered":"Allgemeine Gesch\u00e4ftsbedingungen"},"content":{"rendered":"<h4><b>\u00a71: Allgemeine Bestimmungen<\/b><\/h4>\n<p>a) Die Veranstaltung einer LAN Party ist nicht gewinnorientiert. Das Erheben von Teilnahmebeitr\u00e4gen dient der Kostendeckung.<\/p>\n<p>b) Geldliche \u00dcbersch\u00fcsse aus der Veranstaltung kommen der Vorbereitung, Organisation und Abhaltung weiterer Veranstaltungen des Lansin e.V. zu Gute.<\/p>\n<p>c) Der Veranstalter beh\u00e4lt sich bei Nichteinhaltung des Regelwerkes den Ausschluss des Betreffenden von Veranstaltungen und sonstigen Onlineangeboten vor sowie die Erhebung von Schadensersatzanspr\u00fcchen vor.<\/p>\n<h4><b>\u00a72: Voraussetzungen zur Teilnahme an der Veranstaltung<\/b><\/h4>\n<p>a) Jeder Teilnehmer muss das Alter von <span style=\"color: red;\"><b>18 Jahren<\/b><\/span> erreicht haben. Es kann keinerlei Verantwortung f\u00fcr die Teilnahme Minderj\u00e4hriger \u00fcbernommen werden. Minderj\u00e4hrige erhalten keinen Zutritt zur Veranstaltung. Einverst\u00e4ndniserkl\u00e4rungen der Eltern sind zwecklos. Es werden am Einlass Ausweiskontrollen durchgef\u00fchrt.<\/p>\n<p>b) Jeder Teilnehmer hat den n\u00f6tigen, bekanntgegebenen Teilnahmebeitrag geleistet und kann dies auch notfalls best\u00e4tigen.<\/p>\n<p>c) Die Absicht zur Teilnahme wird durch die Zahlung des geforderten Unkostenbeitrages best\u00e4tigt und ist verbindlich. Abmeldungen von der Veranstaltung mit R\u00fcckerstattung des bereits geleisteten Unkostenbeitrages k\u00f6nnen vom Veranstalter bis sp\u00e4testens 21 Tage vor Veranstaltungsbeginn bei Vorliegen nachvollziehbarer Gr\u00fcnde akzeptiert werden. F\u00fcr die Aufw\u00e4nde der Abwicklung der R\u00fcckerstattung behalten wir 5 EUR vom Unkostenbeitrag ein.<\/p>\n<p>d)Jeder Teilnehmer bringt seinen eigenen Rechner, Monitor, Tastatur, Maus, Mehrfachsteckdose, Netzwerkkabel etc. mit. Der Veranstalter verpflichtet sich zeitgerecht zu informieren, welche Hardware weiters zur Teilnahme n\u00f6tig ist.<\/p>\n<p>e) Jeder Teilnehmer ist f\u00fcr die Betriebsbereitschaft seiner Ger\u00e4te selbst verantwortlich<\/p>\n<p>f) Den Anweisungen der Veranstalter bez\u00fcglich der Inbetriebnahme des pers\u00f6nlichen Rechners ist Folge zu leisten.<\/p>\n<p>g) Jeder Teilnehmer erkennt sonstige separat angek\u00fcndigte Bestimmungen zur Veranstaltung an und akzeptiert diese hiermit.<\/p>\n<h4><b>\u00a73: Bestimmungen w\u00e4hrend der Veranstaltung <\/b><\/h4>\n<p>a) Jeder Teilnehmer verpflichten sich die allgemeinen guten Sitten anzuerkennen und gegen diese nicht zu versto\u00dfen. Der Veranstalter beh\u00e4lt sich vor, Teilnehmer, die gegen die guten Sitten oder geltendes Recht versto\u00dfen oder die den Ablauf der Veranstaltung anderweitig st\u00f6ren, ohne weitere Anspr\u00fcche von der Veranstaltung zeitlich begrenzt oder dauerhaft ausschlie\u00dfen zu k\u00f6nnen.<\/p>\n<p>b) Jeder Teilnehmer verpflichtet sich keine gesetzeswidrigen Aktivit\u00e4ten im Rahmen der Veranstaltung zu setzen. Besonders hervorgehoben werden hier: Software Piraterie, Verbreitung verbotener Datenbest\u00e4nde, Beeintr\u00e4chtigung oder Besch\u00e4digung fremder Datenanlagen.<\/p>\n<p>c) Jeder Teilnehmer ist f\u00fcr die Datenbest\u00e4nde auf seinem Rechner selbst verantwortlich. Dies gilt besonders f\u00fcr die Einhaltung von EULAs und anderen Lizenzvereinbarungen. Der Veranstalter \u00fcbernimmt hierf\u00fcr weder Verantwortung noch Haftung, da Kontrolle praktisch nicht durchf\u00fchrbar ist.<\/p>\n<p>d) Es gilt w\u00e4hrend der Veranstaltung kein allgemeines Rauchverbot. Dies kann jedoch vom Veranstalter jederzeit ge\u00e4ndert werden..<\/p>\n<p>e) Der Betrieb von allgemein st\u00f6renden Ger\u00e4tschaften, besonders Lautsprechern und Subwoofern obliegt der Vernunft des einzelnen Besuchers. Auf Anordnung des Veranstalters sind solche Ger\u00e4tschaften jedoch abzustellen.<\/p>\n<p>f) Dem Teilnehmer ist untersagt den Betrieb der Veranstaltung mutwillig zu st\u00f6ren. Dies gilt insbesondere f\u00fcr den Betrieb des Computernetzwerks.<\/p>\n<p>g) Jeder Teilnehmer ist f\u00fcr den Schutz und die Sicherheit seines Eigentums selbst verantwortlich. Der Veranstalter ist nicht verpflichtet den Zugang zu Veranstaltungsr\u00e4umlichkeiten zu regulieren. Bei Bedarf wird auch ein sicherer Aufbewahrungsort zur Verf\u00fcgung gestellt (z.B. verschlossener Raum).<\/p>\n<p>h) Der Veranstalter verpflichtet sich zu Verf\u00fcgungstellung und Betrieb des Computernetzwerkes und auch von Sitzpl\u00e4tzen inkl. Netzwerkanschluss, Strom etc. als Gegenleistung f\u00fcr den Teilnahmebeitrag.<\/p>\n<p>i) Der Veranstalter verpflichtet sich etwaige technische St\u00f6rungen raschest m\u00f6glich nach bestem Verm\u00f6gen zu beheben. Betriebsgarantien sind ausgeschlossen.<\/p>\n<p>j) Der Veranstalter bietet bei mehrt\u00e4giger Veranstaltungsdauer entweder \u00dcbernachtung vor Ort oder Informationen zu \u00dcbernachtungsm\u00f6glichkeiten.<\/p>\n<h4><b>\u00a74: Turniere und Preisvergabe<\/b><\/h4>\n<p>a) Jeder Turnierteilnehmer verpflichtet die vor dem Turnier bekanntgegebenen Regeln einzuhalten. Die Veranstalter behalten sich das Recht vor bei Verst\u00f6\u00dfen die Turnierteilnahmeberechtigung zu widerrufen.<\/p>\n<p>b) Der genaue Ablauf eines Turniers (Anmeldung, Start des Turniers, Punktvergabe, Ranglistensystem\/Ergebnisse) wird f\u00fcr jedes verschiedenartige Turnier separat reglementiert und vor oder w\u00e4hrend der Veranstaltung bekannt gegeben.<\/p>\n<p>c) Teilnahme und Preisverleihung erfolgt ohne Gew\u00e4hr und unter Ausschluss des Rechtsweges.<\/p>\n<h4><b>\u00a75: Bestimmung zum Abschluss der Veranstaltung<\/b><\/h4>\n<p>a) Jeder Teilnehmer verpflichtet sich pers\u00f6nliche Gegenst\u00e4nde nach der Veranstaltung von seinem Sitzplatz zu entfernen (Hardware, M\u00fcll etc.) und diesen geordnet an die Veranstalter zu \u00fcbergeben<\/p>\n<p>b) Jeder Teilnehmer haftet unmittelbar, im Zweifelsfall zumindest mittelbar, f\u00fcr ihm zuordenbaren Sch\u00e4den jeglicher Art.<\/p>\n<p>c) Der Veranstalter haftet nicht f\u00fcr Sch\u00e4den h\u00f6herer Gewalt und f\u00fcr Diebstahl. Es gibt keine Solidarhaftung f\u00fcr alle Teilnehmer.<\/p>\n<p>d) Der Veranstalter kann f\u00fcr Datenverlust und\/oder \u00e4hnlichen Schaden an Computeranlagen der Teilnehmer, der nicht direkt ihm zuordenbar ist und aus seinem mutwilligen Verschulden hervorgeht, nicht belangt werden.<\/p>\n<h4><b>\u00a77: Recht am Bild und Datenschutz<br \/>\n<\/b><\/h4>\n<p>a) Jeder Teilnehmer erkl\u00e4rt sich damit einverstanden, dass vom Veranstalter oder von vom Veranstalter authorisierten Dritten angefertigtes Bild-, Video- und Tonmaterial vom Veranstalter oder authorisierten Dritten ohne Einschr\u00e4nkungen verwendet werden darf.<\/p>\n<p>b) Jeder Teilnehmer erkl\u00e4rt sich damit einverstanden, dass seine personenbezogen Daten vom LANSIN e.V. gespeichert und zweckgebunden genutzt werden. Dies beinhaltet vor allem, jedoch nicht ausschlie\u00dflich, die zur Vorbereitung, Durchf\u00fchrung und Nachbereitung unserer Veranstaltungen notwendigen Aktivit\u00e4ten wie Online-Sitzpl\u00e4ne, Teilnehmerverwaltung, IP-Vergabe, Traffic-Logs, Mailings, Newsletteransprache u.v.m.<\/p>\n<p>c) Jeder Teilnehmer erkl\u00e4rt, die Datenschutzbestimmungen gelesen, verstanden und akzeptiert zu haben. Diese findest Du <a href=\"https:\/\/www.lansin.de\/index.php\/datenschutz\/\">hier<\/a>.<\/p>\n<h4><b>\u00a76: Salvatorische Klausel<\/b><\/h4>\n<p>Sollte eine oder mehrere Bestimmungen dieser Bedingungen ganz oder teilweise rechtsunwirksam sein, so wird dadurch die G\u00fcltigkeit der \u00fcbrigen Bestimmungen nicht ber\u00fchrt. An die Stelle der unwirksamen Bestimmungen tritt r\u00fcckwirkend eine inhaltlich m\u00f6glichst gleiche Regelung, die dem Zweck der gewollten Regelung am n\u00e4chsten kommt.<\/p>\n<p><center><a href=\"https:\/\/i2.wp.com\/rulez.lansin.de\/wp-content\/uploads\/2015\/12\/authority.jpg?ssl=1\" rel=\"attachment wp-att-239\"><img data-attachment-id=\"239\" data-permalink=\"https:\/\/www.lansin.de\/index.php\/allgemeine-geschaeftsbedingungen\/authority\/\" data-orig-file=\"https:\/\/i0.wp.com\/www.lansin.de\/wp-content\/uploads\/2015\/12\/authority.jpg?fit=125%2C180&amp;ssl=1\" data-orig-size=\"125,180\" data-comments-opened=\"1\" data-image-meta=\"{&quot;aperture&quot;:&quot;0&quot;,&quot;credit&quot;:&quot;&quot;,&quot;camera&quot;:&quot;&quot;,&quot;caption&quot;:&quot;&quot;,&quot;created_timestamp&quot;:&quot;0&quot;,&quot;copyright&quot;:&quot;&quot;,&quot;focal_length&quot;:&quot;0&quot;,&quot;iso&quot;:&quot;0&quot;,&quot;shutter_speed&quot;:&quot;0&quot;,&quot;title&quot;:&quot;&quot;,&quot;orientation&quot;:&quot;0&quot;}\" data-image-title=\"authority\" data-image-description=\"\" data-image-caption=\"\" data-medium-file=\"https:\/\/i0.wp.com\/www.lansin.de\/wp-content\/uploads\/2015\/12\/authority.jpg?fit=125%2C180&amp;ssl=1\" data-large-file=\"https:\/\/i0.wp.com\/www.lansin.de\/wp-content\/uploads\/2015\/12\/authority.jpg?fit=125%2C180&amp;ssl=1\" loading=\"lazy\" class=\"alignnone size-full wp-image-239\" src=\"https:\/\/i2.wp.com\/rulez.lansin.de\/wp-content\/uploads\/2015\/12\/authority.jpg?resize=125%2C180&#038;ssl=1\" alt=\"authority\" width=\"125\" height=\"180\" data-recalc-dims=\"1\" \/><\/a><\/center><\/p>\n","protected":false},"excerpt":{"rendered":"<p>\u00a71: Allgemeine Bestimmungen a) Die Veranstaltung einer LAN Party ist nicht gewinnorientiert. Das Erheben von Teilnahmebeitr\u00e4gen dient der Kostendeckung. b) Geldliche \u00dcbersch\u00fcsse aus der Veranstaltung kommen der Vorbereitung, Organisation und Abhaltung weiterer Veranstaltungen des Lansin e.V. zu Gute. c) Der Veranstalter beh\u00e4lt sich bei Nichteinhaltung des Regelwerkes den Ausschluss des Betreffenden von Veranstaltungen und sonstigen [&hellip;]<\/p>\n","protected":false},"author":2,"featured_media":238,"parent":0,"menu_order":0,"comment_status":"closed","ping_status":"closed","template":"","meta":{"spay_email":""},"jetpack_shortlink":"https:\/\/wp.me\/P74xKv-1K","_links":{"self":[{"href":"https:\/\/www.lansin.de\/index.php\/wp-json\/wp\/v2\/pages\/108"}],"collection":[{"href":"https:\/\/www.lansin.de\/index.php\/wp-json\/wp\/v2\/pages"}],"about":[{"href":"https:\/\/www.lansin.de\/index.php\/wp-json\/wp\/v2\/types\/page"}],"author":[{"embeddable":true,"href":"https:\/\/www.lansin.de\/index.php\/wp-json\/wp\/v2\/users\/2"}],"replies":[{"embeddable":true,"href":"https:\/\/www.lansin.de\/index.php\/wp-json\/wp\/v2\/comments?post=108"}],"version-history":[{"count":9,"href":"https:\/\/www.lansin.de\/index.php\/wp-json\/wp\/v2\/pages\/108\/revisions"}],"predecessor-version":[{"id":902,"href":"https:\/\/www.lansin.de\/index.php\/wp-json\/wp\/v2\/pages\/108\/revisions\/902"}],"wp:featuredmedia":[{"embeddable":true,"href":"https:\/\/www.lansin.de\/index.php\/wp-json\/wp\/v2\/media\/238"}],"wp:attachment":[{"href":"https:\/\/www.lansin.de\/index.php\/wp-json\/wp\/v2\/media?parent=108"}],"curies":[{"name":"wp","href":"https:\/\/api.w.org\/{rel}","templated":true}]}}